84?
False
Does 1662 divide 9036294?
True
Is 131 a factor of 3403118?
True
Is 538 a factor of 17839542?
True
Is 66 a factor of 5713752?
True
Does 148 divide 370740?
True
Is 28 a factor of 298118?
False
Is 1490 a factor of 4446160?
True
Is 404904 a multiple of 92?
False
Is 44142 a multiple of 36?
False
Is 1229 a factor of 1302740?
True
Is 90 a factor of 1116090?
True
Does 753 divide 2062838?
False
Is 637271 a multiple of 469?
False
Is 14623 a multiple of 37?
False
Is 67 a factor of 90718?
True
Is 216 a factor of 558576?
True
Does 13 divide 15673801?
True
Does 8 divide 255912?
True
Does 98 divide 11552828?
True
Is 90331 a multiple of 48?
False
Does 17 divide 310230?
False
Is 266668 a multiple of 407?
False
Is 144 a factor of 6598167?
False
Does 97 divide 6867?
False
Is 2 a factor of 3067767?
False
Is 8514 a multiple of 33?
True
Is 135816 a multiple of 3?
True
Does 36 divide 5212800?
True
Is 220 a factor of 246486?
False
Is 3 a factor of 643080?
True
Does 10 divide 873202?
False
Does 618 divide 1289148?
True
Is 47 a factor of 7391733?
False
Is 36 a factor of 1080150?
False
Does 180 divide 862717?
False
Is 25 a factor of 10371?
False
Is 279468 a multiple of 1168?
False
Is 48 a factor of 153491?
False
Is 31041 a multiple of 4?
False
Is 9809 a multiple of 2?
False
Is 61 a factor of 76677?
True
Is 16221416 a multiple of 288?
False
Does 88 divide 236529?
False
Is 7 a factor of 2737035?
True
Is 34 a factor of 29548?
False
Does 145 divide 2861636?
False
Does 11 divide 602532?
False
Does 27 divide 779787?
True
Is 1850710 a multiple of 18?
False
Is 7030052 a multiple of 851?
False
Is 71 a factor of 1400262?
True
Is 54858 a multiple of 17?
False
Does 19 divide 636413?
False
Is 7 a factor of 3541899?
False
Does 143 divide 121979?
True
Is 1563 a factor of 3657420?
True
Does 183 divide 772976?
False
Is 642930 a multiple of 174?
True
Is 10976346 a multiple of 666?
True
Is 8879959 a multiple of 25?
False
Is 300117 a multiple of 71?
True
Does 21 divide 417173?
False
Is 17 a factor of 278200?
False
Does 223 divide 3326473?
False
Is 271 a factor of 178684?
False
Does 166 divide 3307052?
True
Is 6866257 a multiple of 385?
False
Is 64 a factor of 1831168?
True
Is 1931 a factor of 22117674?
True
Is 759685 a multiple of 530?
False
Does 26 divide 50906?
False
Is 16548 a multiple of 4?
True
Is 7212 a multiple of 12?
True
Is 130 a factor of 4008290?
True
Does 443 divide 1427346?
True
Is 1302108 a multiple of 19?
True
Is 36339 a multiple of 3?
True
Is 35 a factor of 12972734?
False
Is 29 a factor of 9092?
False
Is 11 a factor of 398425?
False
Does 23 divide 30222?
True
Is 14627660 a multiple of 111?
False
Is 172331 a multiple of 401?
False
Is 86 a factor of 1762730?
False
Does 10 divide 13415661?
False
Does 57 divide 579998?
False
Is 1139 a factor of 2829038?
False
Does 30 divide 3228?
False
Is 10 a factor of 2010520?
True
Is 635 a factor of 8981125?
False
Does 12 divide 2314403?
False
Is 14 a factor of 2908?
False
Is 484704 a multiple of 272?
True
Does 13 divide 11594999?
True
Does 71 divide 2001880?
False
Is 232 a factor of 134328?
True
Does 11 divide 3481786?
True
Does 19 divide 938911?
False
Does 61 divide 3996049?
True
Does 141 divide 5336458?
False
Is 31577 a multiple of 8?
False
Does 39 divide 365301?
False
Does 111 divide 3768561?
True
Does 189 divide 401832?
False
Is 7 a factor of 785148?
True
Does 43 divide 826545?
False
Is 12284625 a multiple of 41?
True
Is 9 a factor of 106200?
True
Is 664033 a multiple of 1067?
False
Does 198 divide 6504653?
False
Is 734370 a multiple of 10?
True
Is 7254 a multiple of 36?
False
Is 49608 a multiple of 40?
False
Does 854 divide 4196556?
True
Does 178 divide 207530?
False
Is 270846 a multiple of 246?
True
Is 127538 a multiple of 246?
False
Is 262124 a multiple of 638?
False
Is 438 a factor of 162936?
True
Is 2053464 a multiple of 12?
True
Is 19914208 a multiple of 136?
True
Does 11 divide 9102015?
False
Does 11 divide 42614?
True
Is 764 a factor of 14284251?
False
Is 65 a factor of 1541085?
True
Is 56618 a multiple of 22?
False
Does 25 divide 1989725?
True
Is 358295 a multiple of 145?
True
Is 10515222 a multiple of 687?
True
Is 106495 a multiple of 59?
True
Is 25 a factor of 548946?
False
Is 8 a factor of 2459801?
False
Does 2 divide 316?
True
Is 6092814 a multiple of 6?
True
Is 199137 a multiple of 19?
False
Is 11599267 a multiple of 15?
False
Is 274 a factor of 315059?
False
Is 576711 a multiple of 461?
True
Is 14768049 a multiple of 129?
True
Does 166 divide 133746?
False
Is 2518164 a multiple of 11?
True
Is 17 a factor of 5113118?
False
Does 804 divide 797568?
True
Is 1607078 a multiple of 37?
False
Is 254015 a multiple of 505?
True
Is 8 a factor of 7192?
True
Is 1435213 a multiple of 13?
True
Does 11 divide 1053635?
True
Is 1582518 a multiple of 287?
True
Is 51 a factor of 3161?
False
Is 178435 a multiple of 7?
False
Does 98 divide 11200518?
True
Does 16 divide 246112?
True
Is 967200 a multiple of 80?
True
Does 551 divide 975684?
False
Is 8229090 a multiple of 12?
False
Is 72489 a multiple of 3?
True
Is 550 a factor of 154000?
True
Is 118559 a multiple of 41?
False
Is 2113 a factor of 25785191?
False
Is 497 a multiple of 11?
False
Is 12 a factor of 7548?
True
Does 360 divide 126720?
True
Is 9 a factor of 682579?
False
Is 17 a factor of 299204?
False
Is 161 a factor of 4524978?
False
Does 47 divide 909411?
False
Does 21 divide 452638?
False
Is 1100740 a multiple of 313?
False
Does 74 divide 78014?
False
Is 1437 a factor of 2832163?
False
Is 3 a factor of 601271?
False
Does 21 divide 10717?
False
Is 16568 a multiple of 5?
False
Is 1189213 a multiple of 21?
False
Is 20048 a multiple of 30?
False
Is 11 a factor of 1836230?
True
Does 23 divide 29101?
False
Does 189 divide 1232658?
True
Does 815 divide 10484975?
True
Does 7 divide 1980440?
True
Is 16 a factor of 611376?
True
Is 27 a factor of 155667?
False
Is 309 a factor of 144921?
True
Does 1364 divide 1995710?
False
Does 38 divide 1322725?
False
Is 1002396 a multiple of 80?
False
Is 71942 a multiple of 26?
True
Is 58212 a multiple of 33?
True
Does 244 divide 4230700?
False
Is 296327 a multiple of 16?
False
Does 413 divide 1851066?
True
Does 484 divide 4830584?
False
Is 689260 a multiple of 220?
True
Does 20 divide 180492?
False
Is 20 a factor of 1830482?
False
Is 231338 a multiple of 119?
False
Is 14 a factor of 691726?
True
Is 170430 a multiple of 345?
True
Is 455617 a multiple of 22?
False
Does 157 divide 153389?
True
Does 18 divide 2639844?
True
Does 44 divide 3700444?
True
Is 98 a factor of 538?
False
Is 38 a factor of 277134?
True
Is 218264 a multiple of 134?
False
Is 35 a factor of 832370?
True
Does 670 divide 1920890?
True
Is 123 a factor of 1108230?
True
Is 1061731 a multiple of 83?
False
Is 400608 a multiple of 208?
True
Is 214375 a multiple of 13?
False
Is 1598931 a multiple of 84?
False
Does 154 divide 276488?
False
Is 2357 a multiple of 2?
False
Is 359 a factor of 225811?
True
Does 23 divide 397177?
False
Is 13 a factor of 483203?
False
Is 1111 a factor of 12417647?
True
Is 81195 a multiple of 5?
True
Is 50 a factor of 20900?
True
Is 60084 a multiple of 6?
True
Is 4446 a multiple of 117?
True
Is 24 a factor of 59232?
True
Is 1629 a factor of 5284476?
True
Does 12 divide 17328?
True
Does 10 divide 585704?
False
Is 9 a factor of 847845?
True
Is 18202 a multiple of 19?
True
Does 3 divide 36660?
True
Does 21 divide 3483837?
True
Does 59 divide 4645837?
True
Is 443 a factor of 466479?
True
Does 301 divide 2520831?
False
Does 32 divide 86048?
True
Is 5 a factor of 312683?
False
Is 21 a factor of 15158?
False
Is 10 a factor of 1935548?
False
Does 12 divide 1423391?
False
Is 219 a factor of 491772?
False
Is 20976 a multiple of 3?
True
Is 10893511 a multiple of 66?
False
Is 1790574 a multiple of 24?
False
Is 2336924 a multiple of 70?
False
Is 582800 a multiple of 400?
True
Is 38896 a multiple of 104?
True
Does 6 divide 891917?
False
Is 101196 a multiple of 9?
True
Is 35 a factor of 155435?
True
Does 4 divide 11020?
True
Does 13 divide 884520?
True
Is 4 a factor of 383205?
False
Does 5 divide 21430?
True
Does 61 divide 37616?
False
Does 485 divide 566532?
False
Is 48 a factor of 7147488?
True
Is 3188744 a multiple of 18?
False
Is 13 a factor of 237944?
False
Does 281 div